er when 29563 is divided by 29185.
378
Calculate the remainder when 2666 is divided by 900.
866
Calculate the remainder when 6666 is divided by 237.
30
Calculate the remainder when 377892 is divided by 15.
12
Calculate the remainder when 8291 is divided by 690.
11
Calculate the remainder when 75616 is divided by 233.
124
Calculate the remainder when 4453 is divided by 97.
88
What is the remainder when 2608 is divided by 299?
216
What is the remainder when 14034 is divided by 3211?
1190
Calculate the remainder when 2359 is divided by 1121.
117
Calculate the remainder when 55093 is divided by 55087.
6
Calculate the remainder when 1295 is divided by 322.
7
Calculate the remainder when 8968 is divided by 161.
113
What is the remainder when 371765 is divided by 658?
653
What is the remainder when 292954 is divided by 157?
149
Calculate the remainder when 35327 is divided by 207.
137
What is the remainder when 153850 is divided by 9?
4
What is the remainder when 67945 is divided by 41?
8
What is the remainder when 4961 is divided by 4853?
108
What is the remainder when 23817 is divided by 1323?
3
What is the remainder when 3838016 is divided by 1361?
1357
Calculate the remainder when 13468 is divided by 134.
68
Calculate the remainder when 42289 is divided by 3252.
13
Calculate the remainder when 43462 is divided by 497.
223
Calculate the remainder when 117600 is divided by 7.
0
What is the remainder when 136661 is divided by 45505?
146
What is the remainder when 1405146 is divided by 86?
78
What is the remainder when 9873 is divided by 613?
65
Calculate the remainder when 150988 is divided by 17.
11
What is the remainder when 1778 is divided by 978?
800
What is the remainder when 1936382 is divided by 8?
6
Calculate the remainder when 116575 is divided by 478.
421
Calculate the remainder when 44478 is divided by 1381.
286
What is the remainder when 396 is divided by 158?
80
Calculate the remainder when 16732 is divided by 21.
16
What is the remainder when 389725 is divided by 1687?
28
Calculate the remainder when 7473 is divided by 1645.
893
Calculate the remainder when 2782 is divided by 865.
187
What is the remainder when 21373 is divided by 61?
23
What is the remainder when 3182 is divided by 291?
272
What is the remainder when 69027 is divided by 1078?
35
What is the remainder when 430857 is divided by 40?
17
What is the remainder when 53513 is divided by 26662?
189
What is the remainder when 5236 is divided by 1743?
7
Calculate the remainder when 4818 is divided by 82.
62
Calculate the remainder when 3962 is divided by 192.
122
Calculate the remainder when 134716 is divided by 3849.
1
Calculate the remainder when 113285 is divided by 522.
11
What is the remainder when 4498 is divided by 18?
16
Calculate the remainder when 15779 is divided by 567.
470
What is the remainder when 42797 is divided by 2053?
1737
Calculate the remainder when 224752 is divided by 18.
4
What is the remainder when 2751204 is divided by 99?
93
What is the remainder when 43382 is divided by 14451?
29
Calculate the remainder when 137011 is divided by 699.
7
Calculate the remainder when 12405 is divided by 27.
12
Calculate the remainder when 4440 is divided by 748.
700
What is the remainder when 509779 is divided by 22?
17
What is the remainder when 366957 is divided by 660?
657
Calculate the remainder when 485694 is divided by 60710.
14
Calculate the remainder when 11361 is divided by 11.
9
Calculate the remainder when 88480 is divided by 44.
40
Calculate the remainder when 953183 is divided by 32.
31
What is the remainder when 658508 is divided by 272?
268
What is the remainder when 76930 is divided by 884?
22
What is the remainder when 16842 is divided by 17?
12
Calculate the remainder when 38550 is divided by 9637.
2
Calculate the remainder when 1526 is divided by 383.
377
Calculate the remainder when 4319 is divided by 6.
5
What is the remainder when 109917 is divided by 36638?
3
Calculate the remainder when 1686 is divided by 38.
14
Calculate the remainder when 11051 is divided by 1801.
245
What is the remainder when 123367 is divided by 781?
750
Calculate the remainder when 37079 is divided by 1948.
67
What is the remainder when 16584 is divided by 2246?
862
Calculate the remainder when 19583 is divided by 166.
161
What is the remainder when 120833 is divided by 19?
12
Calculate the remainder when 1955 is divided by 10.
5
What is the remainder when 5471 is divided by 918?
881
What is the remainder when 58084 is divided by 854?
12
Calculate the remainder when 222024 is divided by 31706.
82
Calculate the remainder when 19946 is divided by 119.
73
What is the remainder when 31047 is divided by 111?
78
Calculate the remainder when 4656678 is divided by 9.
6
Calculate the remainder when 4183 is divided by 222.
187
What is the remainder when 849 is divided by 225?
174
What is the remainder when 18561 is divided by 144?
129
What is the remainder when 1096531 is divided by 74?
73
What is the remainder when 7889 is divided by 3911?
67
Calculate the remainder when 6127 is divided by 279.
268
What is the remainder when 36750 is divided by 143?
142
What is the remainder when 7537 is divided by 2493?
58
Calculate the remainder when 5365 is divided by 1775.
40
What is the remainder when 8698 is divided by 145?
143
What is the remainder when 15652069 is divided by 70?
69
Calculate the remainder when 7253 is divided by 1795.
73
Calculate the remainder when 7427 is divided by 1047.
98
Calculate the remainder when 24971 is divided by 535.
361
What is the remainder when 55588 is divided by 27792?
4
Calculate the remainder when 212531 is divided by 178.
177
Calculate the remainder when 1941 is divided by 503.
432
What is the remainder when 386971 is divided by 348?
343
What is the remainder when 153277 is divided by 9?
7
What is the remainder when 3642 is divided by 214?
4
What is the remainder when 14227 is divided by 323?
15
What is the remainder when 2916 is divided by 1255?
406
What is the remainder when 5996764 is divided by 1072?
1068
What is the remainder when 830 is divided by 377?
76
What is the remainder when 4222 is divided by 2094?
34
Calculate the remainder when 13496 is divided by 594.
428
What is the remainder when 187959 is divided by 101?
99
Calculate the remainder when 159317 is divided by 79582.
153
Calculate the remainder when 2532182 is divided by 5.
2
What is the remainder when 83955 is divided by 107?
67
What is the remainder when 18760 is divided by 100?
60
Calculate the remainder when 1039435 is divided by 21.
19
What is the remainder when 279210 is divided by 83?
81
What is the remainder when 66250 is divided by 21?
16
What is the remainder when 1206482 is divided by 5027?
2
What is the remainder when 1579866 is divided by 171?
168
What is the remainder when 5942 is divided by 5939?
3
What is the remainder when 19808 is divided by 14?
12
Calculate the remainder when 3675 is divided by 459.
3
Calculate the remainder when 59122 is divided by 3284.
10
What is the remainder when 25531 is divided by 123?
70
What is the remainder when 13854 is divided by 2?
0
Calculate the remainder when 2291 is divided by 766.
759
What is the remainder when 15166 is divided by 15148?
18
Calculate the remainder when 9317 is divided by 118.
113
Calculate the remainder when 56748 is divided by 125.
123
Calculate the remainder when 1845 is divided by 120.
45
Calculate the remainder when 177354 is divided by 177316.
38
What is the remainder when 840870 is divided by 33?
30
What is the remainder when 5210 is divided by 180?
170
What is the remainder when 3401 is divided by 249?
164
Calculate the remainder when 12979 is divided by 370.
29
What is the remainder when 2142 is divided by 186?
96
What is the remainder when 7613 is divided by 7018?
595
Calculate the remainder when 164873 is divided by 31.
15
Calculate the remainder when 12504 is divided by 3123.
12
Calculate the remainder when 173425 is divided by 5254.
43
Calculate the remainder when 1663618 is divided by 84.
82
What is the remainder when 10681 is divided by 5226?
229
What is the remainder when 25853 is divided by 171?
32
Calculate the remainder when 15054 is divided by 791.
25
Calculate the remainder when 1699298 is divi